{"id":1637,"date":"2019-04-01T10:25:28","date_gmt":"2019-04-01T10:25:28","guid":{"rendered":"http:\/\/avantage.bold-themes.com\/business\/?page_id=1637"},"modified":"2020-10-16T21:30:30","modified_gmt":"2020-10-16T21:30:30","slug":"services","status":"publish","type":"page","link":"https:\/\/es.bbglobal.mx\/?page_id=1637","title":{"rendered":"Servicios"},"content":{"rendered":"<div class=\"bt_bb_wrapper\"><section id=\"bt_bb_section69e5a8c9172d3\"  data-background_image_src=\"'https:\/\/es.bbglobal.mx\/wp-content\/uploads\/2019\/04\/bgn-industries.png'\" class=\"bt_bb_section bt_bb_top_spacing_large bt_bb_bottom_spacing_large bt_bb_layout_boxed_1200 bt_bb_vertical_align_top btLazyLoadBackground bt_bb_background_image\" style=\"background-image:url(&#039;https:\/\/es.bbglobal.mx\/wp-content\/plugins\/bold-page-builder\/img\/blank.gif&#039;);background-position:center;background-size:contain;\"><div class=\"bt_bb_port\"><div class=\"bt_bb_cell\"><div class=\"bt_bb_cell_inner\"><div class=\"bt_bb_row_wrapper\"><div  class=\"bt_bb_row\" ><div  class=\"bt_bb_column col-md-2 col-sm-4 col-ms-12 bt_bb_align_left bt_bb_vertical_align_top bt_bb_padding_normal\"  data-width=\"2\"><div class=\"bt_bb_column_content\"><\/div><\/div><div  class=\"bt_bb_column col-md-8 col-ms-12 bt_bb_align_center bt_bb_vertical_align_top bt_bb_animation_fade_in move_up animate bt_bb_padding_normal\"  data-width=\"8\"><div class=\"bt_bb_column_content\"><header class=\"bt_bb_headline bt_bb_dash_top bt_bb_size_large bt_bb_superheadline bt_bb_subheadline bt_bb_align_inherit\"><div class=\"bt_bb_headline_superheadline_outside\"><span class=\"bt_bb_headline_superheadline\">ESTO TE PUEDE INTERESAR <\/span><\/div><h2><span class=\"bt_bb_headline_content\"><span><u>Todos los Servicios<\/u> <b>de BBGlobal<\/b><\/span><\/span><\/h2><div class=\"bt_bb_headline_subheadline\">Estamos comprometidos en contar con expertos asesores en servicios tributarios, contables y legales.<\/div><\/header><div class=\"bt_bb_separator bt_bb_bottom_spacing_medium bt_bb_border_style_none\"><\/div><\/div><\/div><div  class=\"bt_bb_column col-md-2 col-sm-4 col-ms-12 bt_bb_align_left bt_bb_vertical_align_top bt_bb_padding_normal\"  data-width=\"2\"><div class=\"bt_bb_column_content\"><\/div><\/div><\/div><\/div><div class=\"bt_bb_row_wrapper\"><div  class=\"bt_bb_row bt_bb_column_gap_10\" ><div  class=\"bt_bb_column col-md-4 col-ms-12 bt_bb_align_left bt_bb_vertical_align_top bt_bb_animation_fade_in animate bt_bb_padding_text_indent bt_bb_highlight\" style=\"margin-bottom: 20px;\" data-width=\"4\"><div class=\"bt_bb_column_content\" style=\"background-color:rgba(255, 255, 255, 1);\"><div class=\"bt_bb_image bt_bb_shape_square bt_bb_align_inherit bt_bb_hover_style_simple bt_bb_content_display_show-on-hover bt_bb_content_align_bottom bt_bb_content_exists bt_bb_fill_background_color_full\"><a href=\"https:\/\/es.bbglobal.mx\/?page_id=2509\"  target=\"_self\" title=\"bbglobal_servicios6\"><img src = \"https:\/\/es.bbglobal.mx\/wp-content\/plugins\/bold-page-builder\/img\/blank.gif\" data-full_image_src=\"https:\/\/es.bbglobal.mx\/wp-content\/uploads\/2020\/09\/bbglobal_servicios6.jpg\" data-image_src=\"https:\/\/es.bbglobal.mx\/wp-content\/uploads\/2020\/09\/bbglobal_servicios6.jpg\" title=\"bbglobal_servicios6\" alt=\"https:\/\/es.bbglobal.mx\/wp-content\/uploads\/2020\/09\/bbglobal_servicios6.jpg\" class=\"btLazyLoadImage\"><\/a><div class=\"bt_bb_image_content\" style=\"background-color: rgba(233, 77, 101, 0.8);\"><div class=\"bt_bb_image_content_flex\"><div class=\"bt_bb_image_content_inner\"><div class=\"bt_bb_button bt_bb_icon_position_right bt_bb_color_scheme_11 bt_bb_style_clean bt_bb_size_small bt_bb_width_inline bt_bb_shape_inherit bt_bb_align_inherit\"><a href=\"https:\/\/es.bbglobal.mx\/?page_id=2509\" target=\"_self\" class=\"bt_bb_link\" title=\"M\u00e1s...\"><span class=\"bt_bb_button_text\">M\u00e1s...<\/span><span  data-ico-fontawesome=\"&#xf101;\" class=\"bt_bb_icon_holder\"><\/span><\/a><\/div><\/div><\/div><\/div><\/div><div class=\"bt_bb_separator bt_bb_bottom_spacing_normal bt_bb_border_style_none\"><\/div><header class=\"bt_bb_headline bt_bb_dash_none bt_bb_size_normal bt_bb_subheadline bt_bb_align_inherit\"><h4><span class=\"bt_bb_headline_content\"><span><u>IMPUESTOS<\/u><\/span><\/span><\/h4><div class=\"bt_bb_headline_subheadline\">Damos asesor\u00eda personalizada, analizando operaciones y estrategias legales en el pago y cumplimiento oportuno de impuestos de acuerdo con la legislaci\u00f3n fiscal.<\/div><\/header><div class=\"bt_bb_separator bt_bb_bottom_spacing_normal bt_bb_border_style_none\"><\/div><\/div><\/div><div  class=\"bt_bb_column col-md-4 col-ms-12 bt_bb_align_left bt_bb_vertical_align_top bt_bb_animation_fade_in animate bt_bb_padding_text_indent bt_bb_highlight\" style=\"margin-bottom: 20px;\" data-width=\"4\"><div class=\"bt_bb_column_content\" style=\"background-color:rgba(255, 255, 255, 1);\"><div class=\"bt_bb_image bt_bb_shape_square bt_bb_align_inherit bt_bb_hover_style_simple bt_bb_content_display_show-on-hover bt_bb_content_align_bottom bt_bb_content_exists bt_bb_fill_background_color_full\"><a href=\"https:\/\/es.bbglobal.mx\/?page_id=2504\"  target=\"_self\" title=\"bbglobal_servicios1\"><img src = \"https:\/\/es.bbglobal.mx\/wp-content\/plugins\/bold-page-builder\/img\/blank.gif\" data-full_image_src=\"https:\/\/es.bbglobal.mx\/wp-content\/uploads\/2020\/09\/bbglobal_servicios1.jpg\" data-image_src=\"https:\/\/es.bbglobal.mx\/wp-content\/uploads\/2020\/09\/bbglobal_servicios1.jpg\" title=\"bbglobal_servicios1\" alt=\"https:\/\/es.bbglobal.mx\/wp-content\/uploads\/2020\/09\/bbglobal_servicios1.jpg\" class=\"btLazyLoadImage\"><\/a><div class=\"bt_bb_image_content\" style=\"background-color: rgba(233, 77, 101, 0.8);\"><div class=\"bt_bb_image_content_flex\"><div class=\"bt_bb_image_content_inner\"><div class=\"bt_bb_button bt_bb_icon_position_right bt_bb_color_scheme_11 bt_bb_style_clean bt_bb_size_small bt_bb_width_inline bt_bb_shape_inherit bt_bb_align_inherit\"><a href=\"https:\/\/es.bbglobal.mx\/?page_id=2504\" target=\"_self\" class=\"bt_bb_link\" title=\"M\u00e1s...\"><span class=\"bt_bb_button_text\">M\u00e1s...<\/span><span  data-ico-fontawesome=\"&#xf101;\" class=\"bt_bb_icon_holder\"><\/span><\/a><\/div><\/div><\/div><\/div><\/div><div class=\"bt_bb_separator bt_bb_bottom_spacing_normal bt_bb_border_style_none\"><\/div><header class=\"bt_bb_headline bt_bb_dash_none bt_bb_size_normal bt_bb_subheadline bt_bb_align_inherit\"><h4><span class=\"bt_bb_headline_content\"><span><u>CONTABLES<\/u><\/span><\/span><\/h4><div class=\"bt_bb_headline_subheadline\">Procesamos los registros contables aplicando normatividad financiera nacional, IFRS o US GAAP para que les permita a nuestros clientes tomar decisiones oportunas y adecuadas; buscamos evitar contingencias contables ya que actualmente las autoridades fiscales ponen mayor atenci\u00f3n en cifras financieras. <\/div><\/header><div class=\"bt_bb_separator bt_bb_bottom_spacing_normal bt_bb_border_style_none\"><\/div><\/div><\/div><div  class=\"bt_bb_column col-md-4 col-ms-12 bt_bb_align_left bt_bb_vertical_align_top bt_bb_animation_fade_in animate bt_bb_padding_text_indent bt_bb_highlight\" style=\"margin-bottom: 20px;\" data-width=\"4\"><div class=\"bt_bb_column_content\" style=\"background-color:rgba(255, 255, 255, 1);\"><div class=\"bt_bb_image bt_bb_shape_square bt_bb_align_inherit bt_bb_hover_style_simple bt_bb_content_display_show-on-hover bt_bb_content_align_bottom bt_bb_content_exists bt_bb_fill_background_color_full\"><a href=\"https:\/\/es.bbglobal.mx\/?page_id=2474\"  target=\"_self\" title=\"bbglobal_servicios5\"><img src = \"https:\/\/es.bbglobal.mx\/wp-content\/plugins\/bold-page-builder\/img\/blank.gif\" data-full_image_src=\"https:\/\/es.bbglobal.mx\/wp-content\/uploads\/2020\/09\/bbglobal_servicios5.jpg\" data-image_src=\"https:\/\/es.bbglobal.mx\/wp-content\/uploads\/2020\/09\/bbglobal_servicios5.jpg\" title=\"bbglobal_servicios5\" alt=\"https:\/\/es.bbglobal.mx\/wp-content\/uploads\/2020\/09\/bbglobal_servicios5.jpg\" class=\"btLazyLoadImage\"><\/a><div class=\"bt_bb_image_content\" style=\"background-color: rgba(233, 77, 101, 0.8);\"><div class=\"bt_bb_image_content_flex\"><div class=\"bt_bb_image_content_inner\"><div class=\"bt_bb_button bt_bb_icon_position_right bt_bb_color_scheme_11 bt_bb_style_clean bt_bb_size_small bt_bb_width_inline bt_bb_shape_inherit bt_bb_align_inherit\"><a href=\"https:\/\/es.bbglobal.mx\/?page_id=2474\" target=\"_self\" class=\"bt_bb_link\" title=\"M\u00e1s...\"><span class=\"bt_bb_button_text\">M\u00e1s...<\/span><span  data-ico-fontawesome=\"&#xf101;\" class=\"bt_bb_icon_holder\"><\/span><\/a><\/div><\/div><\/div><\/div><\/div><div class=\"bt_bb_separator bt_bb_bottom_spacing_normal bt_bb_border_style_none\"><\/div><header class=\"bt_bb_headline bt_bb_dash_none bt_bb_size_normal bt_bb_subheadline bt_bb_align_inherit\"><h4><span class=\"bt_bb_headline_content\"><span><u>PRECIOS DE TRANSFERENCIA <\/u><\/span><\/span><\/h4><div class=\"bt_bb_headline_subheadline\">El servicio consiste en documentar las operaciones de ingresos y deducciones con partes relacionadas nacionales o con el extranjero para que cumplan con valor de mercado; damos consultor\u00eda en estudios de precios de transferencia como es Local File, Master File & Country by Country Reporting, ya que estas operaciones son vigiladas de forma particular por las autoridades fiscales de M\u00e9xico.<br \/>\r\n<\/div><\/header><div class=\"bt_bb_separator bt_bb_bottom_spacing_normal bt_bb_border_style_none\"><\/div><\/div><\/div><\/div><\/div><div class=\"bt_bb_row_wrapper\"><div  class=\"bt_bb_row bt_bb_column_gap_10\" ><div  class=\"bt_bb_column col-md-4 col-ms-12 bt_bb_align_left bt_bb_vertical_align_top bt_bb_animation_fade_in animate bt_bb_padding_text_indent bt_bb_highlight\" style=\"margin-bottom: 20px;\" data-width=\"4\"><div class=\"bt_bb_column_content\" style=\"background-color:rgba(255, 255, 255, 1);\"><div class=\"bt_bb_image bt_bb_shape_square bt_bb_align_inherit bt_bb_hover_style_simple bt_bb_content_display_show-on-hover bt_bb_content_align_bottom bt_bb_content_exists bt_bb_fill_background_color_full\"><a href=\"https:\/\/es.bbglobal.mx\/?page_id=2490\"  target=\"_self\" title=\"bbglobal_servicios2\"><img src = \"https:\/\/es.bbglobal.mx\/wp-content\/plugins\/bold-page-builder\/img\/blank.gif\" data-full_image_src=\"https:\/\/es.bbglobal.mx\/wp-content\/uploads\/2020\/09\/bbglobal_servicios2.jpg\" data-image_src=\"https:\/\/es.bbglobal.mx\/wp-content\/uploads\/2020\/09\/bbglobal_servicios2.jpg\" title=\"bbglobal_servicios2\" alt=\"https:\/\/es.bbglobal.mx\/wp-content\/uploads\/2020\/09\/bbglobal_servicios2.jpg\" class=\"btLazyLoadImage\"><\/a><div class=\"bt_bb_image_content\" style=\"background-color: rgba(233, 77, 101, 0.8);\"><div class=\"bt_bb_image_content_flex\"><div class=\"bt_bb_image_content_inner\"><div class=\"bt_bb_button bt_bb_icon_position_right bt_bb_color_scheme_11 bt_bb_style_clean bt_bb_size_small bt_bb_width_inline bt_bb_shape_inherit bt_bb_align_inherit\"><a href=\"https:\/\/es.bbglobal.mx\/?page_id=2490\" target=\"_self\" class=\"bt_bb_link\" title=\"M\u00e1s...\"><span class=\"bt_bb_button_text\">M\u00e1s...<\/span><span  data-ico-fontawesome=\"&#xf101;\" class=\"bt_bb_icon_holder\"><\/span><\/a><\/div><\/div><\/div><\/div><\/div><div class=\"bt_bb_separator bt_bb_bottom_spacing_normal bt_bb_border_style_none\"><\/div><header class=\"bt_bb_headline bt_bb_dash_none bt_bb_size_normal bt_bb_subheadline bt_bb_align_inherit\"><h4><span class=\"bt_bb_headline_content\"><span><u>IMPUESTOS INTERNACIONALES<\/u><br \/>\r\n<\/span><\/span><\/h4><div class=\"bt_bb_headline_subheadline\">Nos enfocamos en brindar soporte cuando existe interacci\u00f3n con mercados y legislaci\u00f3n fiscal internacional para aplicar de forma adecuada tanto la legislaci\u00f3n dom\u00e9stica y\/o tratados internacionales para evitar la doble tributaci\u00f3n en operaciones de empresas transnacionales.<br \/>\r\n<\/div><\/header><div class=\"bt_bb_separator bt_bb_bottom_spacing_normal bt_bb_border_style_none\"><\/div><\/div><\/div><div  class=\"bt_bb_column col-md-4 col-ms-12 bt_bb_align_left bt_bb_vertical_align_top bt_bb_animation_fade_in animate bt_bb_padding_text_indent bt_bb_highlight\" style=\"margin-bottom: 20px;\" data-width=\"4\"><div class=\"bt_bb_column_content\" style=\"background-color:rgba(255, 255, 255, 1);\"><div class=\"bt_bb_image bt_bb_shape_square bt_bb_align_inherit bt_bb_hover_style_simple bt_bb_content_display_show-on-hover bt_bb_content_align_bottom bt_bb_content_exists bt_bb_fill_background_color_full\"><a href=\"https:\/\/es.bbglobal.mx\/?page_id=2526\"  target=\"_self\" title=\"bbglobal_servicios3\"><img src = \"https:\/\/es.bbglobal.mx\/wp-content\/plugins\/bold-page-builder\/img\/blank.gif\" data-full_image_src=\"https:\/\/es.bbglobal.mx\/wp-content\/uploads\/2020\/09\/bbglobal_servicios3.jpg\" data-image_src=\"https:\/\/es.bbglobal.mx\/wp-content\/uploads\/2020\/09\/bbglobal_servicios3.jpg\" title=\"bbglobal_servicios3\" alt=\"https:\/\/es.bbglobal.mx\/wp-content\/uploads\/2020\/09\/bbglobal_servicios3.jpg\" class=\"btLazyLoadImage\"><\/a><div class=\"bt_bb_image_content\" style=\"background-color: rgba(233, 77, 101, 0.8);\"><div class=\"bt_bb_image_content_flex\"><div class=\"bt_bb_image_content_inner\"><div class=\"bt_bb_button bt_bb_icon_position_right bt_bb_color_scheme_11 bt_bb_style_clean bt_bb_size_small bt_bb_width_inline bt_bb_shape_inherit bt_bb_align_inherit\"><a href=\"https:\/\/es.bbglobal.mx\/?page_id=2526\" target=\"_self\" class=\"bt_bb_link\" title=\"M\u00e1s...\"><span class=\"bt_bb_button_text\">M\u00e1s...<\/span><span  data-ico-fontawesome=\"&#xf101;\" class=\"bt_bb_icon_holder\"><\/span><\/a><\/div><\/div><\/div><\/div><\/div><div class=\"bt_bb_separator bt_bb_bottom_spacing_normal bt_bb_border_style_none\"><\/div><header class=\"bt_bb_headline bt_bb_dash_none bt_bb_size_normal bt_bb_subheadline bt_bb_align_inherit\"><h4><span class=\"bt_bb_headline_content\"><span><u>OUTSOURCING DE NOMINA<\/u><\/span><\/span><\/h4><div class=\"bt_bb_headline_subheadline\">Proveemos a clientes servicios de outsourcing que por necesidades temporales requieren de servicios administrativos en procesos de c\u00e1lculo de n\u00f3minas y pagos, a trav\u00e9s de subcontrataci\u00f3n o maquila de n\u00f3mina.<br \/>\r\n<\/div><\/header><div class=\"bt_bb_separator bt_bb_bottom_spacing_normal bt_bb_border_style_none\"><\/div><\/div><\/div><div  class=\"bt_bb_column col-md-4 col-ms-12 bt_bb_align_left bt_bb_vertical_align_top bt_bb_animation_fade_in animate bt_bb_padding_text_indent bt_bb_highlight\" style=\"margin-bottom: 20px;\" data-width=\"4\"><div class=\"bt_bb_column_content\" style=\"background-color:rgba(255, 255, 255, 1);\"><div class=\"bt_bb_image bt_bb_shape_square bt_bb_align_inherit bt_bb_hover_style_simple bt_bb_content_display_show-on-hover bt_bb_content_align_bottom bt_bb_content_exists bt_bb_fill_background_color_full\"><a href=\"https:\/\/es.bbglobal.mx\/?page_id=2517\"  target=\"_self\" title=\"bbglobal_servicios4\"><img src = \"https:\/\/es.bbglobal.mx\/wp-content\/plugins\/bold-page-builder\/img\/blank.gif\" data-full_image_src=\"https:\/\/es.bbglobal.mx\/wp-content\/uploads\/2020\/09\/bbglobal_servicios4.jpg\" data-image_src=\"https:\/\/es.bbglobal.mx\/wp-content\/uploads\/2020\/09\/bbglobal_servicios4.jpg\" title=\"bbglobal_servicios4\" alt=\"https:\/\/es.bbglobal.mx\/wp-content\/uploads\/2020\/09\/bbglobal_servicios4.jpg\" class=\"btLazyLoadImage\"><\/a><div class=\"bt_bb_image_content\" style=\"background-color: rgba(233, 77, 101, 0.8);\"><div class=\"bt_bb_image_content_flex\"><div class=\"bt_bb_image_content_inner\"><div class=\"bt_bb_button bt_bb_icon_position_right bt_bb_color_scheme_11 bt_bb_style_clean bt_bb_size_small bt_bb_width_inline bt_bb_shape_inherit bt_bb_align_inherit\"><a href=\"https:\/\/es.bbglobal.mx\/?page_id=2517\" target=\"_self\" class=\"bt_bb_link\" title=\"M\u00e1s...\"><span class=\"bt_bb_button_text\">M\u00e1s...<\/span><span  data-ico-fontawesome=\"&#xf101;\" class=\"bt_bb_icon_holder\"><\/span><\/a><\/div><\/div><\/div><\/div><\/div><div class=\"bt_bb_separator bt_bb_bottom_spacing_normal bt_bb_border_style_none\"><\/div><header class=\"bt_bb_headline bt_bb_dash_none bt_bb_size_normal bt_bb_subheadline bt_bb_align_inherit\"><h4><span class=\"bt_bb_headline_content\"><span><u>LEGAL<\/u><\/span><\/span><\/h4><div class=\"bt_bb_headline_subheadline\">Corporativo: proveemos el servicio de creaci\u00f3n de empresas mercantiles, asesoramos en fusiones, adquisiciones, liquidaciones, as\u00ed como el cumplimiento de sus obligaciones corporativas; revisi\u00f3n de contratos comerciales en sus operaciones cotidianas.<br \/>\r\n<br \/>\r\nLaboral: acompa\u00f1amos a las Empresas en actividades con sus colaboradores, asesorando, revisando contratos, finiquitos; cumplimiento oportuno y adecuado de la normatividad laboral.<br \/>\r\n<br \/>\r\n<\/div><\/header><div class=\"bt_bb_separator bt_bb_bottom_spacing_normal bt_bb_border_style_none\"><\/div><\/div><\/div><\/div><\/div><div class=\"bt_bb_row_wrapper\"><div  class=\"bt_bb_row bt_bb_column_gap_10\" ><div  class=\"bt_bb_column col-md-4 col-ms-12 bt_bb_align_left bt_bb_vertical_align_top bt_bb_animation_fade_in animate bt_bb_padding_text_indent bt_bb_highlight\" style=\"margin-bottom: 20px;\" data-width=\"4\"><div class=\"bt_bb_column_content\" style=\"background-color:rgba(255, 255, 255, 1);\"><div class=\"bt_bb_image bt_bb_shape_square bt_bb_align_inherit bt_bb_hover_style_simple bt_bb_content_display_show-on-hover bt_bb_content_align_bottom bt_bb_content_exists bt_bb_fill_background_color_full\"><a href=\"https:\/\/es.bbglobal.mx\/?page_id=2533\"  target=\"_self\" title=\"auditoria_2\"><img src = \"https:\/\/es.bbglobal.mx\/wp-content\/plugins\/bold-page-builder\/img\/blank.gif\" data-full_image_src=\"https:\/\/es.bbglobal.mx\/wp-content\/uploads\/2020\/10\/auditoria_2.png\" data-image_src=\"https:\/\/es.bbglobal.mx\/wp-content\/uploads\/2020\/10\/auditoria_2.png\" title=\"auditoria_2\" alt=\"https:\/\/es.bbglobal.mx\/wp-content\/uploads\/2020\/10\/auditoria_2.png\" class=\"btLazyLoadImage\"><\/a><div class=\"bt_bb_image_content\" style=\"background-color: rgba(233, 77, 101, 0.8);\"><div class=\"bt_bb_image_content_flex\"><div class=\"bt_bb_image_content_inner\"><div class=\"bt_bb_button bt_bb_icon_position_right bt_bb_color_scheme_11 bt_bb_style_clean bt_bb_size_small bt_bb_width_inline bt_bb_shape_inherit bt_bb_align_inherit\"><a href=\"https:\/\/es.bbglobal.mx\/?page_id=2533\" target=\"_self\" class=\"bt_bb_link\" title=\"M\u00e1s...\"><span class=\"bt_bb_button_text\">M\u00e1s...<\/span><span  data-ico-fontawesome=\"&#xf101;\" class=\"bt_bb_icon_holder\"><\/span><\/a><\/div><\/div><\/div><\/div><\/div><div class=\"bt_bb_separator bt_bb_bottom_spacing_normal bt_bb_border_style_none\"><\/div><header class=\"bt_bb_headline bt_bb_dash_none bt_bb_size_normal bt_bb_subheadline bt_bb_align_inherit\"><h4><span class=\"bt_bb_headline_content\"><span><u>AUDITOR\u00cdA<\/u><br \/>\r\n<\/span><\/span><\/h4><div class=\"bt_bb_headline_subheadline\">Una de nuestras principales \u00e1reas de servicio son la auditor\u00eda financiera y fiscal, en virtud de la cual tenemos la posibilidad de validar la informaci\u00f3n relativa, con la finalidad de que los usuarios de esta tomen decisiones sobre bases y par\u00e1metros confiables.<\/div><\/header><div class=\"bt_bb_separator bt_bb_bottom_spacing_normal bt_bb_border_style_none\"><\/div><\/div><\/div><div  class=\"bt_bb_column col-md-4 col-ms-12 bt_bb_align_left bt_bb_vertical_align_top bt_bb_animation_fade_in animate bt_bb_padding_text_indent bt_bb_highlight\" style=\"margin-bottom: 20px;\" data-width=\"4\"><div class=\"bt_bb_column_content\" style=\"background-color:rgba(255, 255, 255, 1);\"><\/div><\/div><div  class=\"bt_bb_column col-md-4 col-ms-12 bt_bb_align_left bt_bb_vertical_align_top bt_bb_animation_fade_in animate bt_bb_padding_text_indent bt_bb_highlight\" style=\"margin-bottom: 20px;\" data-width=\"4\"><div class=\"bt_bb_column_content\" style=\"background-color:rgba(255, 255, 255, 1);\"><\/div><\/div><\/div><\/div><\/div><\/div><\/div><\/section><section id=\"bt_bb_section69e5a8c9196ba\"  class=\"bt_bb_section bt_bb_layout_boxed_1400 bt_bb_vertical_align_top\" style=\"background-position:bottom;\"><div class=\"bt_bb_port\"><div class=\"bt_bb_cell\"><div class=\"bt_bb_cell_inner\"><div class=\"bt_bb_row_wrapper\"><div  class=\"bt_bb_row\" ><div  class=\"bt_bb_column col-md-12 col-ms-12 bt_bb_align_left bt_bb_vertical_align_top bt_bb_padding_normal btLazyLoadBackground bt_bb_column_background_image\" style=\"background-color: rgba(33, 88, 119, 1);background-image:url(&#039;https:\/\/es.bbglobal.mx\/wp-content\/plugins\/bold-page-builder\/img\/blank.gif&#039;);\" data-background_image_src='https:\/\/es.bbglobal.mx\/wp-content\/uploads\/2019\/04\/bgn-searching.jpg' data-width=\"12\"><div class=\"bt_bb_column_content\"><div class=\"bt_bb_separator bt_bb_bottom_spacing_medium bt_bb_border_style_none\"><\/div><div  class=\"bt_bb_row_inner\" style=\"max-width: 1200px; margin-left: auto; margin-right: auto;\"><div  class=\"bt_bb_column_inner col-md-2 col-sm-4 col-ms-12 bt_bb_align_left bt_bb_vertical_align_middle bt_bb_animation_fade_in animate bt_bb_padding_normal\"  data-width=\"2\"><div class=\"bt_bb_column_inner_content\"><\/div><\/div><div  class=\"bt_bb_column_inner col-md-8 col-ms-12 bt_bb_align_center bt_bb_vertical_align_top bt_bb_animation_fade_in animate bt_bb_padding_normal\"  data-width=\"8\"><div class=\"bt_bb_column_inner_content\"><header class=\"bt_bb_headline bt_bb_color_scheme_1 bt_bb_dash_top bt_bb_size_medium bt_bb_subheadline bt_bb_align_inherit\"><h3><span class=\"bt_bb_headline_content\"><span>Necesitas Consultor\u00eda?<\/span><\/span><\/h3><div class=\"bt_bb_headline_subheadline\">Est\u00e1s en el lugar correcto. Ingresa tus datos para recibir soluciones comerciales y consejos de consultor\u00eda en tu correo.<\/div><\/header><div class=\"bt_bb_separator bt_bb_bottom_spacing_normal bt_bb_border_style_none\"><\/div><div class=\"bt_bb_contact_form_7\"><div role=\"form\" class=\"wpcf7\" id=\"wpcf7-f2030-o1\" lang=\"en-US\" dir=\"ltr\">\n<div class=\"screen-reader-response\" role=\"alert\" aria-live=\"polite\"><\/div>\n<form action=\"\/index.php?rest_route=%2Fwp%2Fv2%2Fpages%2F1637#wpcf7-f2030-o1\" method=\"post\" class=\"wpcf7-form init\" novalidate=\"novalidate\">\n<div style=\"display: none;\">\n<input type=\"hidden\" name=\"_wpcf7\" value=\"2030\" \/>\n<input type=\"hidden\" name=\"_wpcf7_version\" value=\"5.2.2\" \/>\n<input type=\"hidden\" name=\"_wpcf7_locale\" value=\"en_US\" \/>\n<input type=\"hidden\" name=\"_wpcf7_unit_tag\" value=\"wpcf7-f2030-o1\" \/>\n<input type=\"hidden\" name=\"_wpcf7_container_post\" value=\"0\" \/>\n<input type=\"hidden\" name=\"_wpcf7_posted_data_hash\" value=\"\" \/>\n<\/div>\n<div class=\"bt_bb_cf7_form bt_bb_cf7_inline_newsletter_form\">\n<div class=\"bt_bb_cf7_row\">\n<div class=\"bt_bb_cf7_element\"><span class=\"wpcf7-form-control-wrap your-email\"><input type=\"email\" name=\"your-email\" value=\"\" size=\"40\" class=\"wpcf7-form-control wpcf7-text wpcf7-email wpcf7-validates-as-required wpcf7-validates-as-email\" aria-required=\"true\" aria-invalid=\"false\" placeholder=\"Ingresa tu email\" \/><\/span><\/div>\n<div class=\"bt_bb_cf7_button\"><input type=\"submit\" value=\"Suscribirme\" class=\"wpcf7-form-control wpcf7-submit\" \/><\/div>\n<\/div>\n<\/div>\n<div class=\"wpcf7-response-output\" role=\"alert\" aria-hidden=\"true\"><\/div><\/form><\/div><\/div><\/div><\/div><div  class=\"bt_bb_column_inner col-md-2 col-sm-4 col-ms-12 bt_bb_align_left bt_bb_vertical_align_top\"  data-width=\"2\"><div class=\"bt_bb_column_inner_content\"><\/div><\/div><\/div><div class=\"bt_bb_separator bt_bb_bottom_spacing_medium bt_bb_border_style_none\"><\/div><\/div><\/div><\/div><\/div><\/div><\/div><\/div><\/section><\/div>","protected":false},"excerpt":{"rendered":"<p>Interactively procrastinate high-payoff content without backward-compatible data. Quickly cultivate optimal processes and tactical architectures. Completely iterate covalent strategic theme areas via accurate e-markets.<\/p>\n","protected":false},"author":1,"featured_media":1823,"parent":0,"menu_order":0,"comment_status":"closed","ping_status":"closed","template":"","meta":[],"_links":{"self":[{"href":"https:\/\/es.bbglobal.mx\/index.php?rest_route=\/wp\/v2\/pages\/1637"}],"collection":[{"href":"https:\/\/es.bbglobal.mx\/index.php?rest_route=\/wp\/v2\/pages"}],"about":[{"href":"https:\/\/es.bbglobal.mx\/index.php?rest_route=\/wp\/v2\/types\/page"}],"author":[{"embeddable":true,"href":"https:\/\/es.bbglobal.mx\/index.php?rest_route=\/wp\/v2\/users\/1"}],"replies":[{"embeddable":true,"href":"https:\/\/es.bbglobal.mx\/index.php?rest_route=%2Fwp%2Fv2%2Fcomments&post=1637"}],"version-history":[{"count":31,"href":"https:\/\/es.bbglobal.mx\/index.php?rest_route=\/wp\/v2\/pages\/1637\/revisions"}],"predecessor-version":[{"id":2817,"href":"https:\/\/es.bbglobal.mx\/index.php?rest_route=\/wp\/v2\/pages\/1637\/revisions\/2817"}],"wp:featuredmedia":[{"embeddable":true,"href":"https:\/\/es.bbglobal.mx\/index.php?rest_route=\/wp\/v2\/media\/1823"}],"wp:attachment":[{"href":"https:\/\/es.bbglobal.mx\/index.php?rest_route=%2Fwp%2Fv2%2Fmedia&parent=1637"}],"curies":[{"name":"wp","href":"https:\/\/api.w.org\/{rel}","templated":true}]}}